{"id":280,"date":"2016-05-16T10:36:32","date_gmt":"2016-05-16T10:36:32","guid":{"rendered":"http:\/\/ccej.weiter.ch\/?page_id=280&#038;lang=fr"},"modified":"2020-10-27T13:37:04","modified_gmt":"2020-10-27T13:37:04","slug":"signer-la-charte","status":"publish","type":"page","link":"https:\/\/cckj.ch\/fr\/signer-la-charte\/","title":{"rendered":"Signer la Charte"},"content":{"rendered":"<div class=\"wpb-content-wrapper\"><p>[vc_row full_width=&#8221;stretch_row_content_no_spaces&#8221; full_height=&#8221;yes&#8221; columns_placement=&#8221;stretch&#8221; parallax=&#8221;content-moving-fade&#8221; el_class=&#8221;safariHeight headerpic&#8221;][vc_column][vc_single_image image=&#8221;2742&#8243; img_size=&#8221;full&#8221;][\/vc_column][\/vc_row][vc_row][vc_column][vc_column_text]<\/p>\n<p style=\"text-align: center;\">Dans le cadre du service que vous accomplissez aupr\u00e8s des enfants et de jeunes, la Charte vous aide \u00e0 pr\u00e9senter vos motivations de mani\u00e8re compr\u00e9hensibles et transparentes. Utiliser la Charte comme un label donnant du cr\u00e9dit \u00e0 votre engagement ! La Charte peut \u00eatre sign\u00e9e en ligne \u00e0 l\u2019aide du formulaire ci-dessous.<\/p>\n<p style=\"text-align: center;\">Les organisations chr\u00e9tiennes impliqu\u00e9es parmi les enfants et les jeunes qui soutiennent les buts et les principes \u00e9nonc\u00e9s dans la Charte sont invit\u00e9s \u00e0 y souscrire en la signant. La Charte est une d\u00e9claration d\u2019engagement, par laquelle les organisations promettent de contribuer au d\u00e9veloppement int\u00e9gral des enfants et des jeunes, dans le respect des principes pr\u00e9sent\u00e9s dans le document.<\/p>\n<p>[\/vc_column_text][\/vc_column][\/vc_row][vc_row el_class=&#8221;die_form&#8221;][vc_column css=&#8221;.vc_custom_1462180896218{margin-top: 50px !important;}&#8221;]\n<div class=\"wpcf7 no-js\" id=\"wpcf7-f331-o1\" lang=\"en-US\" dir=\"ltr\" data-wpcf7-id=\"331\">\n<div class=\"screen-reader-response\"><p role=\"status\" aria-live=\"polite\" aria-atomic=\"true\"><\/p> <ul><\/ul><\/div>\n<form action=\"\/fr\/wp-json\/wp\/v2\/pages\/280#wpcf7-f331-o1\" method=\"post\" class=\"wpcf7-form init\" aria-label=\"Contact form\" novalidate=\"novalidate\" data-status=\"init\">\n<fieldset class=\"hidden-fields-container\"><input type=\"hidden\" name=\"_wpcf7\" value=\"331\" \/><input type=\"hidden\" name=\"_wpcf7_version\" value=\"6.1.5\" \/><input type=\"hidden\" name=\"_wpcf7_locale\" value=\"en_US\" \/><input type=\"hidden\" name=\"_wpcf7_unit_tag\" value=\"wpcf7-f331-o1\" \/><input type=\"hidden\" name=\"_wpcf7_container_post\" value=\"0\" \/><input type=\"hidden\" name=\"_wpcf7_posted_data_hash\" value=\"\" \/>\n<\/fieldset>\n<p><span class=\"wpcf7-form-control-wrap\" data-name=\"your-name\"><input size=\"40\" maxlength=\"400\" class=\"wpcf7-form-control wpcf7-text wpcf7-validates-as-required\" aria-required=\"true\" aria-invalid=\"false\" placeholder=\"Nom de l\u2019organisation (Eglise, association, etc.) *\" value=\"\" type=\"text\" name=\"your-name\" \/><\/span>\n<\/p>\n<p><span class=\"wpcf7-form-control-wrap\" data-name=\"beschreibung\"><input size=\"40\" maxlength=\"400\" class=\"wpcf7-form-control wpcf7-text wpcf7-validates-as-required\" aria-required=\"true\" aria-invalid=\"false\" placeholder=\"Description de l&#039;organisation\" value=\"\" type=\"text\" name=\"beschreibung\" \/><\/span>\n<\/p>\n<p><span class=\"wpcf7-form-control-wrap\" data-name=\"name-vorname\"><input size=\"40\" maxlength=\"400\" class=\"wpcf7-form-control wpcf7-text wpcf7-validates-as-required\" aria-required=\"true\" aria-invalid=\"false\" placeholder=\"Nom et pr\u00e9nom de la personne responsable *\" value=\"\" type=\"text\" name=\"name-vorname\" \/><\/span>\n<\/p>\n<p><span class=\"wpcf7-form-control-wrap\" data-name=\"e-mail\"><input size=\"40\" maxlength=\"400\" class=\"wpcf7-form-control wpcf7-email wpcf7-validates-as-required wpcf7-text wpcf7-validates-as-email\" aria-required=\"true\" aria-invalid=\"false\" placeholder=\"Email de la personne responsable *\" value=\"\" type=\"email\" name=\"e-mail\" \/><\/span>\n<\/p>\n<p><span class=\"wpcf7-form-control-wrap\" data-name=\"e-mail2\"><input size=\"40\" maxlength=\"400\" class=\"wpcf7-form-control wpcf7-text wpcf7-validates-as-required\" aria-required=\"true\" aria-invalid=\"false\" placeholder=\"Email permanent de l\u2018organisation *\" value=\"\" type=\"text\" name=\"e-mail2\" \/><\/span>\n<\/p>\n<p><span class=\"wpcf7-form-control-wrap\" data-name=\"date\"><input size=\"40\" maxlength=\"400\" class=\"wpcf7-form-control wpcf7-text wpcf7-validates-as-required\" aria-required=\"true\" aria-invalid=\"false\" placeholder=\"Date *\" value=\"\" type=\"text\" name=\"date\" \/><\/span>\n<\/p>\n<p><span class=\"wpcf7-form-control-wrap\" data-name=\"adresse\"><input size=\"40\" maxlength=\"400\" class=\"wpcf7-form-control wpcf7-text wpcf7-validates-as-required\" aria-required=\"true\" aria-invalid=\"false\" placeholder=\"Adresse *\" value=\"\" type=\"text\" name=\"adresse\" \/><\/span>\n<\/p>\n<p><span class=\"wpcf7-form-control-wrap\" data-name=\"code\"><input size=\"40\" maxlength=\"400\" class=\"wpcf7-form-control wpcf7-text wpcf7-validates-as-required\" aria-required=\"true\" aria-invalid=\"false\" placeholder=\"Code Postal *\" value=\"\" type=\"text\" name=\"code\" \/><\/span>\n<\/p>\n<p><span class=\"wpcf7-form-control-wrap\" data-name=\"ort\"><input size=\"40\" maxlength=\"400\" class=\"wpcf7-form-control wpcf7-text wpcf7-validates-as-required\" aria-required=\"true\" aria-invalid=\"false\" placeholder=\"Localit\u00e9 *\" value=\"\" type=\"text\" name=\"ort\" \/><\/span>\n<\/p>\n<p><span class=\"wpcf7-form-control-wrap\" data-name=\"homepage\"><input size=\"40\" maxlength=\"400\" class=\"wpcf7-form-control wpcf7-text\" aria-invalid=\"false\" placeholder=\"Site web de l&#039;organisation\" value=\"\" type=\"text\" name=\"homepage\" \/><\/span>\n<\/p>\n<p><span class=\"wpcf7-form-control-wrap\" data-name=\"zugeh\"><input size=\"40\" maxlength=\"400\" class=\"wpcf7-form-control wpcf7-text wpcf7-validates-as-required\" aria-required=\"true\" aria-invalid=\"false\" placeholder=\"Si l\u2019organisation appartient \u00e0 une f\u00e9d\u00e9ration, mentionner celle-ci:\" value=\"\" type=\"text\" name=\"zugeh\" \/><\/span>\n<\/p>\n<p>S'il vous plait, veuillez confirmer en cochant les cases suivantes:\n<\/p>\n<p class=\"chkContDieChUtren\"><span class=\"wpcf7-form-control-wrap\" data-name=\"le_comite\"><span class=\"wpcf7-form-control wpcf7-checkbox wpcf7-validates-as-required\"><span class=\"wpcf7-list-item first last\"><input type=\"checkbox\" name=\"le_comite[]\" value=\"Le comit\u00e9 de direction a lu et approuv\u00e9 la Charte.\" \/><span class=\"wpcf7-list-item-label\">Le comit\u00e9 de direction a lu et approuv\u00e9 la Charte.<\/span><\/span><\/span><\/span>\n<\/p>\n<p class=\"chkContDieChUtren\"><span class=\"wpcf7-form-control-wrap\" data-name=\"nous_verifions\"><span class=\"wpcf7-form-control wpcf7-checkbox wpcf7-validates-as-required\"><span class=\"wpcf7-list-item first last\"><input type=\"checkbox\" name=\"nous_verifions[]\" value=\"Nous v\u00e9rifions chaque ann\u00e9e si les objectifs et les principes de la Charte sont th\u00e9matis\u00e9 et appliqu\u00e9s dans notre organisation.\" \/><span class=\"wpcf7-list-item-label\">Nous v\u00e9rifions chaque ann\u00e9e si les objectifs et les principes de la Charte sont th\u00e9matis\u00e9 et appliqu\u00e9s dans notre organisation.<\/span><\/span><\/span><\/span>\n<\/p>\n<p class=\"chkContDieChUtren\"><span class=\"wpcf7-form-control-wrap\" data-name=\"les_contenus\"><span class=\"wpcf7-form-control wpcf7-checkbox wpcf7-validates-as-required\"><span class=\"wpcf7-list-item first last\"><input type=\"checkbox\" name=\"les_contenus[]\" value=\"Les contenus de la Charte sont abord\u00e9s lors des formations que nous dispensons.\" \/><span class=\"wpcf7-list-item-label\">Les contenus de la Charte sont abord\u00e9s lors des formations que nous dispensons.<\/span><\/span><\/span><\/span>\n<\/p>\n<p class=\"chkContDieChUtren\"><span class=\"wpcf7-form-control-wrap\" data-name=\"nous_prenons\"><span class=\"wpcf7-form-control wpcf7-checkbox wpcf7-validates-as-required\"><span class=\"wpcf7-list-item first last\"><input type=\"checkbox\" name=\"nous_prenons[]\" value=\"Nous prenons note du fait qu\u2019une organisation qui ne respecterait pas la Charte sera exclue.\" \/><span class=\"wpcf7-list-item-label\">Nous prenons note du fait qu\u2019une organisation qui ne respecterait pas la Charte sera exclue.<\/span><\/span><\/span><\/span>\n<\/p>\n<p class=\"chkContDieChUtren\"><span class=\"wpcf7-form-control-wrap\" data-name=\"nous_prenons_note\"><span class=\"wpcf7-form-control wpcf7-checkbox wpcf7-validates-as-required\"><span class=\"wpcf7-list-item first last\"><input type=\"checkbox\" name=\"nous_prenons_note[]\" value=\"Nous prenons note du fait que la signature doit \u00eatre renouvel\u00e9e d\u2019ann\u00e9e en ann\u00e9e. En cas de non renouvellement, l\u2019adh\u00e9sion \u00e0 la Charte se termine. Un rappel au renouvellement de la signature sera envoy\u00e9 par Email. Ceci a pour objectif de permettre \u00e0 ce que l\u2019engagement et le respect de la Charte soit pris au s\u00e9rieux sur la dur\u00e9e et que ces contenus soient r\u00e9guli\u00e8rement th\u00e9matis\u00e9s.\" \/><span class=\"wpcf7-list-item-label\">Nous prenons note du fait que la signature doit \u00eatre renouvel\u00e9e d\u2019ann\u00e9e en ann\u00e9e. En cas de non renouvellement, l\u2019adh\u00e9sion \u00e0 la Charte se termine. Un rappel au renouvellement de la signature sera envoy\u00e9 par Email. Ceci a pour objectif de permettre \u00e0 ce que l\u2019engagement et le respect de la Charte soit pris au s\u00e9rieux sur la dur\u00e9e et que ces contenus soient r\u00e9guli\u00e8rement th\u00e9matis\u00e9s.<\/span><\/span><\/span><\/span>\n<\/p>\n<p><input class=\"wpcf7-form-control wpcf7-submit has-spinner\" type=\"submit\" value=\"Soumettre la demande\" \/>\n<\/p><div class=\"wpcf7-response-output\" aria-hidden=\"true\"><\/div>\n<\/form>\n<\/div>\n[\/vc_column][\/vc_row]<\/p>\n<\/div>","protected":false},"excerpt":{"rendered":"<p>[vc_row full_width=&#8221;stretch_row_content_no_spaces&#8221; full_height=&#8221;yes&#8221; columns_placement=&#8221;stretch&#8221; parallax=&#8221;content-moving-fade&#8221; el_class=&#8221;safariHeight headerpic&#8221;][vc_column][vc_single_image image=&#8221;2742&#8243; img_size=&#8221;full&#8221;][\/vc_column][\/vc_row][vc_row][vc_column][vc_column_text] Dans le cadre du service que vous accomplissez aupr\u00e8s des enfants et de jeunes, la Charte vous aide \u00e0 pr\u00e9senter vos motivations de mani\u00e8re compr\u00e9hensibles et transparentes. Utiliser la Charte comme un label donnant du cr\u00e9dit \u00e0 votre engagement ! La Charte peut \u00eatre sign\u00e9e en [&hellip;]<\/p>\n","protected":false},"author":1,"featured_media":0,"parent":0,"menu_order":0,"comment_status":"closed","ping_status":"closed","template":"","meta":{"_genesis_hide_title":false,"_genesis_hide_breadcrumbs":false,"_genesis_hide_singular_image":false,"_genesis_hide_footer_widgets":false,"_genesis_custom_body_class":"","_genesis_custom_post_class":"","_genesis_layout":"","footnotes":""},"class_list":{"0":"post-280","1":"page","2":"type-page","3":"status-publish","5":"entry","6":"override"},"_links":{"self":[{"href":"https:\/\/cckj.ch\/fr\/wp-json\/wp\/v2\/pages\/280","targetHints":{"allow":["GET"]}}],"collection":[{"href":"https:\/\/cckj.ch\/fr\/wp-json\/wp\/v2\/pages"}],"about":[{"href":"https:\/\/cckj.ch\/fr\/wp-json\/wp\/v2\/types\/page"}],"author":[{"embeddable":true,"href":"https:\/\/cckj.ch\/fr\/wp-json\/wp\/v2\/users\/1"}],"replies":[{"embeddable":true,"href":"https:\/\/cckj.ch\/fr\/wp-json\/wp\/v2\/comments?post=280"}],"version-history":[{"count":16,"href":"https:\/\/cckj.ch\/fr\/wp-json\/wp\/v2\/pages\/280\/revisions"}],"predecessor-version":[{"id":2745,"href":"https:\/\/cckj.ch\/fr\/wp-json\/wp\/v2\/pages\/280\/revisions\/2745"}],"wp:attachment":[{"href":"https:\/\/cckj.ch\/fr\/wp-json\/wp\/v2\/media?parent=280"}],"curies":[{"name":"wp","href":"https:\/\/api.w.org\/{rel}","templated":true}]}}

<div class="wpb-content-wrapper"><p>[vc_row full_width=&#8221;stretch_row_content_no_spaces&#8221; full_height=&#8221;yes&#8221; columns_placement=&#8221;stretch&#8221; parallax=&#8221;content-moving-fade&#8221; el_class=&#8221;safariHeight headerpic&#8221;][vc_column][vc_single_image image=&#8221;2742&#8243; img_size=&#8221;full&#8221;][/vc_column][/vc_row][vc_row][vc_column][vc_column_text]</p>
<p style="text-align: center;">Dans le cadre du service que vous accomplissez auprès des enfants et de jeunes, la Charte vous aide à présenter vos motivations de manière compréhensibles et transparentes. Utiliser la Charte comme un label donnant du crédit à votre engagement ! La Charte peut être signée en ligne à l’aide du formulaire ci-dessous.</p>
<p style="text-align: center;">Les organisations chrétiennes impliquées parmi les enfants et les jeunes qui soutiennent les buts et les principes énoncés dans la Charte sont invités à y souscrire en la signant. La Charte est une déclaration d’engagement, par laquelle les organisations promettent de contribuer au développement intégral des enfants et des jeunes, dans le respect des principes présentés dans le document.</p>
<p>[/vc_column_text][/vc_column][/vc_row][vc_row el_class=&#8221;die_form&#8221;][vc_column css=&#8221;.vc_custom_1462180896218{margin-top: 50px !important;}&#8221;]
<div class="wpcf7 no-js" id="wpcf7-f331-o1" lang="en-US" dir="ltr" data-wpcf7-id="331">
<div class="screen-reader-response"><p role="status" aria-live="polite" aria-atomic="true"></p> <ul></ul></div>
<form action="/fr/wp-json/wp/v2/pages/280#wpcf7-f331-o1" method="post" class="wpcf7-form init" aria-label="Contact form" novalidate="novalidate" data-status="init">
<fieldset class="hidden-fields-container"><input type="hidden" name="_wpcf7" value="331" /><input type="hidden" name="_wpcf7_version" value="6.1.5" /><input type="hidden" name="_wpcf7_locale" value="en_US" /><input type="hidden" name="_wpcf7_unit_tag" value="wpcf7-f331-o1" /><input type="hidden" name="_wpcf7_container_post" value="0" /><input type="hidden" name="_wpcf7_posted_data_hash" value="" />
</fieldset>
<p><span class="wpcf7-form-control-wrap" data-name="your-name"><input size="40" maxlength="400" class="wpcf7-form-control wpcf7-text wpcf7-validates-as-required" aria-required="true" aria-invalid="false" placeholder="Nom de l’organisation (Eglise, association, etc.) *" value="" type="text" name="your-name" /></span>
</p>
<p><span class="wpcf7-form-control-wrap" data-name="beschreibung"><input size="40" maxlength="400" class="wpcf7-form-control wpcf7-text wpcf7-validates-as-required" aria-required="true" aria-invalid="false" placeholder="Description de l&#039;organisation" value="" type="text" name="beschreibung" /></span>
</p>
<p><span class="wpcf7-form-control-wrap" data-name="name-vorname"><input size="40" maxlength="400" class="wpcf7-form-control wpcf7-text wpcf7-validates-as-required" aria-required="true" aria-invalid="false" placeholder="Nom et prénom de la personne responsable *" value="" type="text" name="name-vorname" /></span>
</p>
<p><span class="wpcf7-form-control-wrap" data-name="e-mail"><input size="40" maxlength="400" class="wpcf7-form-control wpcf7-email wpcf7-validates-as-required wpcf7-text wpcf7-validates-as-email" aria-required="true" aria-invalid="false" placeholder="Email de la personne responsable *" value="" type="email" name="e-mail" /></span>
</p>
<p><span class="wpcf7-form-control-wrap" data-name="e-mail2"><input size="40" maxlength="400" class="wpcf7-form-control wpcf7-text wpcf7-validates-as-required" aria-required="true" aria-invalid="false" placeholder="Email permanent de l‘organisation *" value="" type="text" name="e-mail2" /></span>
</p>
<p><span class="wpcf7-form-control-wrap" data-name="date"><input size="40" maxlength="400" class="wpcf7-form-control wpcf7-text wpcf7-validates-as-required" aria-required="true" aria-invalid="false" placeholder="Date *" value="" type="text" name="date" /></span>
</p>
<p><span class="wpcf7-form-control-wrap" data-name="adresse"><input size="40" maxlength="400" class="wpcf7-form-control wpcf7-text wpcf7-validates-as-required" aria-required="true" aria-invalid="false" placeholder="Adresse *" value="" type="text" name="adresse" /></span>
</p>
<p><span class="wpcf7-form-control-wrap" data-name="code"><input size="40" maxlength="400" class="wpcf7-form-control wpcf7-text wpcf7-validates-as-required" aria-required="true" aria-invalid="false" placeholder="Code Postal *" value="" type="text" name="code" /></span>
</p>
<p><span class="wpcf7-form-control-wrap" data-name="ort"><input size="40" maxlength="400" class="wpcf7-form-control wpcf7-text wpcf7-validates-as-required" aria-required="true" aria-invalid="false" placeholder="Localité *" value="" type="text" name="ort" /></span>
</p>
<p><span class="wpcf7-form-control-wrap" data-name="homepage"><input size="40" maxlength="400" class="wpcf7-form-control wpcf7-text" aria-invalid="false" placeholder="Site web de l&#039;organisation" value="" type="text" name="homepage" /></span>
</p>
<p><span class="wpcf7-form-control-wrap" data-name="zugeh"><input size="40" maxlength="400" class="wpcf7-form-control wpcf7-text wpcf7-validates-as-required" aria-required="true" aria-invalid="false" placeholder="Si l’organisation appartient à une fédération, mentionner celle-ci:" value="" type="text" name="zugeh" /></span>
</p>
<p>S'il vous plait, veuillez confirmer en cochant les cases suivantes:
</p>
<p class="chkContDieChUtren"><span class="wpcf7-form-control-wrap" data-name="le_comite"><span class="wpcf7-form-control wpcf7-checkbox wpcf7-validates-as-required"><span class="wpcf7-list-item first last"><input type="checkbox" name="le_comite[]" value="Le comité de direction a lu et approuvé la Charte." /><span class="wpcf7-list-item-label">Le comité de direction a lu et approuvé la Charte.</span></span></span></span>
</p>
<p class="chkContDieChUtren"><span class="wpcf7-form-control-wrap" data-name="nous_verifions"><span class="wpcf7-form-control wpcf7-checkbox wpcf7-validates-as-required"><span class="wpcf7-list-item first last"><input type="checkbox" name="nous_verifions[]" value="Nous vérifions chaque année si les objectifs et les principes de la Charte sont thématisé et appliqués dans notre organisation." /><span class="wpcf7-list-item-label">Nous vérifions chaque année si les objectifs et les principes de la Charte sont thématisé et appliqués dans notre organisation.</span></span></span></span>
</p>
<p class="chkContDieChUtren"><span class="wpcf7-form-control-wrap" data-name="les_contenus"><span class="wpcf7-form-control wpcf7-checkbox wpcf7-validates-as-required"><span class="wpcf7-list-item first last"><input type="checkbox" name="les_contenus[]" value="Les contenus de la Charte sont abordés lors des formations que nous dispensons." /><span class="wpcf7-list-item-label">Les contenus de la Charte sont abordés lors des formations que nous dispensons.</span></span></span></span>
</p>
<p class="chkContDieChUtren"><span class="wpcf7-form-control-wrap" data-name="nous_prenons"><span class="wpcf7-form-control wpcf7-checkbox wpcf7-validates-as-required"><span class="wpcf7-list-item first last"><input type="checkbox" name="nous_prenons[]" value="Nous prenons note du fait qu’une organisation qui ne respecterait pas la Charte sera exclue." /><span class="wpcf7-list-item-label">Nous prenons note du fait qu’une organisation qui ne respecterait pas la Charte sera exclue.</span></span></span></span>
</p>
<p class="chkContDieChUtren"><span class="wpcf7-form-control-wrap" data-name="nous_prenons_note"><span class="wpcf7-form-control wpcf7-checkbox wpcf7-validates-as-required"><span class="wpcf7-list-item first last"><input type="checkbox" name="nous_prenons_note[]" value="Nous prenons note du fait que la signature doit être renouvelée d’année en année. En cas de non renouvellement, l’adhésion à la Charte se termine. Un rappel au renouvellement de la signature sera envoyé par Email. Ceci a pour objectif de permettre à ce que l’engagement et le respect de la Charte soit pris au sérieux sur la durée et que ces contenus soient régulièrement thématisés." /><span class="wpcf7-list-item-label">Nous prenons note du fait que la signature doit être renouvelée d’année en année. En cas de non renouvellement, l’adhésion à la Charte se termine. Un rappel au renouvellement de la signature sera envoyé par Email. Ceci a pour objectif de permettre à ce que l’engagement et le respect de la Charte soit pris au sérieux sur la durée et que ces contenus soient régulièrement thématisés.</span></span></span></span>
</p>
<p><input class="wpcf7-form-control wpcf7-submit has-spinner" type="submit" value="Soumettre la demande" />
</p><div class="wpcf7-response-output" aria-hidden="true"></div>
</form>
</div>
[/vc_column][/vc_row]</p>
</div>

<p>[vc_row full_width=&#8221;stretch_row_content_no_spaces&#8221; full_height=&#8221;yes&#8221; columns_placement=&#8221;stretch&#8221; parallax=&#8221;content-moving-fade&#8221; el_class=&#8221;safariHeight headerpic&#8221;][vc_column][vc_single_image image=&#8221;2742&#8243; img_size=&#8221;full&#8221;][/vc_column][/vc_row][vc_row][vc_column][vc_column_text] Dans le cadre du service que vous accomplissez auprès des enfants et de jeunes, la Charte vous aide à présenter vos motivations de manière compréhensibles et transparentes. Utiliser la Charte comme un label donnant du crédit à votre engagement ! La Charte peut être signée en [&hellip;]</p>
